 940*v**3. Let r be n(-1). Suppose 5*z - 3*m = m + r, -3*m = 5*z - 1042. What are the prime factors of z?
11, 19
List the prime factors of (-21*12/(-9))/(17/2873).
2, 7, 13
Suppose -62*v + 3231510 = -982258. List the prime factors of v.
2, 13, 1307
Let f = 36385 + -6936. What are the prime factors of f?
7, 601
Let m = -87 + 10. Let n = -18 - m. List the prime factors of n.
59
Let x(g) = -2*g - 11. Let a be x(-6). Let n(m) = 393*m + 1. What are the prime factors of n(a)?
2, 197
Suppose n + 5*p = 4*p - 50, -277 = 5*n - 4*p. Suppose -3*f - 26 + 251 = 0. Let s = f + n. What are the prime factors of s?
2, 11
Let j = 24194 - 15437. List the prime factors of j.
3, 7, 139
Let f(c) = 3025*c + 7559. List the prime factors of f(12).
61, 719
Let a(i) = 53*i**2 + 28*i - 1038. What are the prime factors of a(23)?
7, 11, 359
Let z(j) = -j + 1. Suppose -m + 5*y - 1 = 2*y, 6 = -3*y. Let u be z(m). What are the prime factors of 3/(-12) + 498/u + 2?
2
Let t(c) = 70*c**3 - 209*c**2 - 1 + 2 + 209*c**2 - c. Let w be t(1). List the prime factors of 1 + w - (-24)/6.
3, 5
Suppose 0 = -2*q + 36 - 6. Suppose q = 4*m - m. Suppose -3*t = 5*s - 244, -2*s - m*t + 52 = -38. List the prime factors of s.
2, 5
Let d = -51 - -34. Let r = d + -17. Let w = r + 65. What are the prime factors of w?
31
Let i be 322/((-15)/(-10) - 1). Suppose 5*u + 315 = g, 2*g - i = -4*u - 0*u. Suppose 5*j + 5*j = g. What are the prime factors of j?
2
List the prime factors of -2 + (60555/11 - 6/(-36)*-6).
2, 3, 7, 131
Suppose -13*q - 20 = -14*q - 3*a, a - 58 = -4*q. Suppose q*i - 8*i = 4824. What are the prime factors of i?
2, 3, 67
List the prime factors of ((-2)/5 - (-70773)/(-30))/(17/(-34)).
3, 11, 13
Suppose 131*f - 6763853 = -1606645. List the prime factors of f.
2, 7, 19, 37
Let s = 41 + -39. Let q(d) = 35*d - 5. What are the prime factors of q(s)?
5, 13
Let n be (18/(-12))/((-6)/(-8)). Let d be 14/4 + 3/n. Suppose 0 = -2*c + d*t + 170, 0*c + 135 = 2*c + 5*t. List the prime factors of c.
2, 5
Let v(m) = 41*m + 1. Let a be v(29). Let d = a - 823. List the prime factors of d.
367
Suppose -225*y = -1598824 + 575393 - 2019019. What are the prime factors of y?
2, 6761
Suppose -9*d - 260 = -5*g - 4*d, d + 101 = 2*g. Suppose -g = -4*h - 41. Suppose -10 = 5*o, 0*v - v = -h*o - 72. List the prime factors of v.
2, 17
Let m(h) = 272*h**2 + 61*h - 27. List the prime factors of m(-6).
3, 13, 241
Let c = -116 + 118. Suppose 0*u + 5*a + 3 = -u, -3*u - c*a = 22. Let w(h) = -29*h + 43. List the prime factors of w(u).
5, 11
Let v = -266 + 274. Suppose -v*h + 7244 = 2644. List the prime factors of h.
5, 23
Let y = 74 - 149. Let b be (2 + 21/(-3))*y. Let c = b - 208. List the prime factors of c.
167
Suppose 4*n - 89 + 29 = 0. Suppose -5*f = -n, 4*f = 2*h - 1001 + 3. What are the prime factors of h?
5, 101
Let t = 72 - -980. Let x = t - 292. List the prime factors of x.
2, 5, 19
Let o be (1 - (3 + -5) - 1)*1. Suppose -m + 4*m - 4*q - 593 = 0, 2*m - o*q = 394. Let r = -84 + m. List the prime factors of r.
3, 37
Suppose -23 = 2*k - 33. Suppose -2*f + k*f = 15, 5*n + f = -250. Let m = 80 + n. What are the prime factors of m?
29
Let f be (-3 - 26/(-4))/(4/8). Suppose 3*q - 5 = f. Suppose 3*y = q*g - 1 + 213, -3*g + 219 = 3*y. List the prime factors of y.
2, 3
Suppose -8*b + 25 - 73 = 0. Let n(i) = 5*i**2 + 11*i - 9. What are the prime factors of n(b)?
3, 5, 7
Suppose -x = -3*d - 37187, 6*d - 185935 = -5*x + 7*d. What are the prime factors of x?
41, 907
Suppose 700300 = -127*l + 227*l. List the prime factors of l.
47, 149
Suppose 5*p = 3*t + 12, 0*t - 4 = -2*p + 2*t. Suppose 3*a = 4*a - p. Let k(z) = 8*z**3 + z**2. What are the prime factors of k(a)?
3, 5
Let t = 181 - 699. What are the prime factors of t/(0 - 7)*4?
2, 37
Let j = -60 - -42. Let l be ((-2 + 5)*-1)/(12/(-16)). List the prime factors of 414/l*j/(-27).
3, 23
Let x be (-15284)/26 - 124/806. What are the prime factors of x/(-5) + 10/25?
2, 59
Suppose 59*p - 136712 = 392990. What are the prime factors of p?
2, 67
Let t = 1619 - 936. Let m = t - 443. List the prime factors of m.
2, 3, 5
Suppose -5*i + 64*i - 58630 - 507770 = 0. What are the prime factors of i?
2, 3, 5
Suppose -2*a = 2*t + 4*t - 96924, 5*a - 16126 = -t. What are the prime factors of t?
2, 7, 577
Suppose 0 = -5*v + 6*a - a + 815, 0 = 2*v - a - 327. Suppose -v = w - 5*w. Suppose -9 = h - w. What are the prime factors of h?
2
Let n be (-3 + (-4962)/24)/((-2)/8). Suppose -5*w + 4*y = -n, -w + 140 + 32 = -5*y. What are the prime factors of w?
167
List the prime factors of 3 - ((-5 - -11) + 1) - -8991.
11, 19, 43
Suppose 0 = -6*d + 25 - 1. Suppose 4*a = -d*r - 92, -4*r + a - 104 = -a. List the prime factors of (-10)/r - (-246)/10.
5
Let w(z) = z**2 + 27. Suppose -40 = g - 10. Let a = -21 - g. List the prime factors of w(a).
2, 3
Suppose -744*u + 14812916 = -217*u. List the prime factors of u.
2, 7027
Let h(d) = -d**2 - 14*d - 12. Let v be h(-10). Let q = v + -21. Suppose -q*t + 744 = -411. What are the prime factors of t?
3, 5, 11
Suppose 17*s = 16*s + 1, 4*m - 38 = -2*s. Suppose -m*c - 38540 = -56*c. What are the prime factors of c?
2, 5, 41
Let m(a) = 1 + 2 - 8 - a**3 - 13*a + 3. What are the prime factors of m(-4)?
2, 3, 19
Suppose -10*k = -6*k + 16. Let i be 2/((4/48)/((-2)/k)). Suppose 9*j = i + 6. What are the prime factors of j?
2
Suppose -8151 = -2*n + l, 6668 = -5*n + 2*l + 27041. List the prime factors of n.
3, 23, 59
Let w = -69444 + 111953. What are the prime factors of w?
42509
Let h(z) = 48*z**2 - z + 4. Let j be h(5). Suppose -4*d + 4*a = -935 - 657, 0 = 3*d - 2*a - j. List the prime factors of d.
13, 31
Suppose -3*v - 1179 - 87 = 0. Let s = 567 + v. List the prime factors of s.
5, 29
Let m be (-4 + (-78)/(-9))/(6/(-207)). Let u = -29 - m. Suppose 0 = -3*n + u + 48. List the prime factors of n.
2, 3, 5
Suppose -3*h - h = -22840 - 65736. What are the prime factors of h?
2, 173
Suppose 54*b - 152 = -2474. Let l = -435 + 239. Let h = b - l. What are the prime factors of h?
3, 17
Suppose -8*m + 10478 = -1290. Suppose 12*n - m = -379. Suppose n = 2*c - 75. List the prime factors of c.
83
Suppose 0 = 12*u + 78*u - 1617850 - 249740. List the prime factors of u.
3, 6917
Let j be ((-186)/155)/(1 + 26/(-20)). Suppose 4*a - 2044 = j*g, 8*a - 12*a = g - 2029. What are the prime factors of a?
2, 127
Let d = 21624 - 4545. List the prime factors of d.
3, 5693
Let u be 245/14*(-12)/(-10). Suppose 0 = -m - 4*r + 61, -r + u + 55 = m. Suppose 59 = 2*c - m. What are the prime factors of c?
2, 5, 7
Suppose -8 = 4*d - 4*f, 0 = 5*d + 4*f - 31 - 4. Suppose d*g - 24 = -6. Let b(q) = q**3 - 3*q**2 - 8*q - 3. List the prime factors of b(g).
3, 19
Let b be 0/((8/24)/((-1)/(-6))). Suppose -21 = 3*u - b*u + 3*r, -2*u + 2*r - 10 = 0. What are the prime factors of 1/u - ((-5845)/42 - 1)?
2, 5, 7
Let d(s) = -s**3 - 4*s**2 - 4*s + 4. Let k be d(-3). Suppose -k*a = -12*a - 865. Let i = 289 + a. What are the prime factors of i?
2, 29
Let b be (55 - 62)/(2/(-1418)). Suppose 5*z + 4436 - 735 = 3*h, -z = -4*h + b. What are the prime factors of h?
2, 3, 23
Let x(w) = 9720*w - 9683*w + 63 + 46. What are the prime factors of x(4)?
257
Suppose -33*u = -26*u - 35. List the prime factors of (-3299)/(-5) - 3 - (-1)/u.
3, 73
Suppose 8*u - 7*u = 8. Suppose -2773 + 117 = -u*q. What are the prime factors of q?
2, 83
Suppose 0 = r - 11*r + 6990. Suppose -j = 3*f - r - 1079, -3*f + 1774 = -j. List the prime factors of f.
2, 37
Let z(g) = -16*g**2 - 29*g + 130. Let c(w) = -3*w**2 - 6*w + 26. Let q(u) = -11*c(u) + 2*z(u). Suppose 575*j = 596*j + 231. List the prime factors of q(j).
7
Let o be 7/(168/(-32))*24. Let j(g) = g**3 + 29*g**2 - 103*g + 13. What are the prime factors of j(o)?
3, 79
List the prime factors of 17192 + 96/(-14) + (-126)/(-147) + 3.
17189
Let m(t) = 134*t**2 + 10*t + 14. Let h(r) = 401*r**2 + 30*r + 41. Let s(y) = 4*h(y) - 11*m(y). What are the prime factors of s(-1)?
2, 5, 13
Suppose 200*o - 202*o = 317*o - 8427661. List the prime factors of o.
29, 911
Let s = 106 + -104. Suppose 3*w - h - 355 = -s*w, -4*w - 3*h + 284 = 0. Let v = -31 + w. List the prime factors of v.
2, 5
Suppose 4*h = 2*i - 39 + 7, 5*h - 2*i + 38 = 0. Let l(z) = 17*z**2 + 16*z + 31. What are the prime factors of l(h)?
547
Suppose 18*u - 6630 